y z(-5)?
28
What is the remainder when (6/51 + 4347/(-102))/(13/(-1586)) is divided by 91?
89
Let w(b) = -b**3 + 10*b**2 - 11*b - 11. Suppose -4*y + 5*v = -28, 5 = 3*y + 4*v - 16. What is the remainder when w(y) is divided by 12?
11
Let u = -187 + 69. Calculate the remainder when ((-255)/34)/(2 + u/56) is divided by -4 + (-3)/18 + 97/6.
10
Suppose -5*f = 2*a - 199, 5*a - 6*f - 460 = -11*f. Calculate the remainder when 1299 is divided by a.
81
Suppose 5*j - 2250 = -5*z, 4*j - 5*z - 1439 = 442. What is the remainder when j is divided by 98?
67
Let z = -181 - -184. Suppose -6*h + 75 = 5*x - h, z*x - 40 = -4*h. Calculate the remainder when 50 is divided by x.
10
Let s(k) = 11*k - 2. Suppose -4*j - x = -9*j + 11, -5*j = -2*x - 7. Suppose 638*l + 6769 - 83329 = 0. What is the remainder when l is divided by s(j)?
27
Let a(y) = 5*y - 10. Suppose 6*i - 33 = 3. Let f be a(i). Calculate the remainder when 80 is divided by (-65)/(-3) + (f/15 - 2).
17
Suppose 1212 = 3*o - 3*w, -4*o + 1616 = w + w. Let t = -335 + o. What is the remainder when t is divided by 17?
1
What is the remainder when 606 is divided by (4 + (-9 - -2))*4*(21 - 26)?
6
Suppose 6 = -2*f + 4*f, 5 = -k + 3*f. Suppose -3*l + k*a = -22 - 384, 5*l + 4*a = 634. Suppose -5*m + l = 10. What is the remainder when m is divided by 20?
4
Let a = 94 + -32. Suppose -19*n - 15305 = -19960. What is the remainder when n is divided by a?
59
Let m = 10 + 14. Let x(f) = -17*f**3 - 2*f**2. Let c be x(-1). Suppose -91 = -c*h + 2*h. Calculate the remainder when m is divided by h.
3
Let k(a) = 3*a + 109. Suppose -m + 35 = 59. Let h = 24 + -11. Calculate the remainder when k(m) is divided by h.
11
Let k(g) = 14*g - 11. Let v be k(2). Suppose v*i + 15 = 20*i. Suppose 4*d + 4*r - 104 = 0, 0*d - 26 = -d + 5*r. What is the remainder when d is divided by i?
1
Suppose -94*k + 100*k - 432 = 0. Suppose k = 8*w - 176. Let j = -41 + 161. Calculate the remainder when j is divided by w.
27
Suppose 0 = 27*g - 28*g + 15. Suppose -g*c = -20*c + 285. Calculate the remainder when (1*-11)/(((-55)/(-50))/(-11)) is divided by c.
53
Suppose 13*o - 20 - 318 = 0. Suppose o*w - 25*w = -4*l + 165, -4*w + 60 = l. What is the remainder when l is divided by 7?
5
Suppose 203442 - 203402 = 5*m. Calculate the remainder when -2*(-7)/6*6 is divided by m.
6
Let w = -31 + 40. Suppose w*c + 71 - 260 = 0. What is the remainder when 65 is divided by c?
2
Suppose 3*o - 2*o - 14 = -x, 5*x + 2*o = 58. What is the remainder when 19 is divided by (18/x)/(-1)*150/(-45)?
1
Suppose -12*w = -13*w. Let u be w*((-27)/(-18))/(-2 - 1). Suppose -3*q - 1 + 64 = u. What is the remainder when 145 is divided by q?
19
Suppose 4*d + 3*x - 2*x = 311, -2*d + 151 = 5*x. Let z(j) = -302*j**3 - 2*j**2. Let m be z(-1). Let i = 316 - m. Calculate the remainder when d is divided by i.
14
Let v = -5 - -7. Suppose v*y - 8 = -b, 6*y - 3*y - 1 = 4*b. What is the remainder when 90/24 - (-3 - (-66)/24) is divided by y?
1
Let j(q) = 13*q**2 - q + 3. Calculate the remainder when -4 + -1 - (-11 - 135/9) is divided by j(1).
6
Let r(y) = 8*y**2 - 41*y + 27. Let t be r(8). Suppose d + t = 4*d + n, 2*d - 134 = -4*n. Calculate the remainder when d is divided by 15.
11
Suppose 0 = 4*x - 9 - 3. Let w be (-26 - -22)*-2*(-3)/(-6). Suppose 5*l - 120 = -4*c, -w*c - 5*l = -x*c - 15. What is the remainder when c is divided by 6?
5
Suppose 5*i - 5*c = 245, 0 = 5*i - c + 96 - 337. Calculate the remainder when 72 is divided by 4*-1*(-180)/i.
12
Suppose -6*h + 95 = -h. Let t be (270/3)/(5 + -3). Suppose -18*x + t*x = 1404. What is the remainder when x is divided by h?
14
Let o = 9441 - 9393. Calculate the remainder when 77 is divided by o.
29
Suppose -12*m - 10 = -14*m. Suppose 6*h = m*h + 63. What is the remainder when h is divided by 24?
15
What is the remainder when 1517 is divided by 195 - ((-783)/(-99) - (-10)/110)?
21
Suppose -61 = -9*i + 875. Suppose 4*p = i*k - 99*k - 201, p + 163 = 4*k. What is the remainder when k is divided by 3?
2
Let m = 83 + -48. Suppose -2*b + 3*u = -71, 14*u - 30 = -3*b + 10*u. What is the remainder when m is divided by b?
13
Let f = 9163 + -9154. Let i(a) = -a**2 - 4*a + 2. Let w be i(-4). Suppose -5*j = h - 86, -2*j + 142 = w*h + 2*j. Calculate the remainder when h is divided by f.
7
Suppose -4*i + 40 = -2*o, -i - i - 10 = 0. Let s = -50 - o. Let w = 0 - s. Calculate the remainder when 38 is divided by w.
18
Suppose 0 = -36*q + 1861 - 421. What is the remainder when 33 is divided by ((-60)/q)/(-3 + 306/104)?
7
Let p(y) = -2*y**2 + 11*y - 15. Let w(t) = -5*t**2 + 35*t - 44. Let b(n) = 8*p(n) - 3*w(n). What is the remainder when b(-8) is divided by 22?
18
Let u(p) = 40*p - 12. Suppose 84*g - 80*g = 20. Calculate the remainder when u(g) is divided by 16.
12
Let d(f) = 4*f**2 + 2*f + 10. Let a be d(-4). Let x = a + 12. Suppose -5*w - n + x = -4*n, 5*w + n - 74 = 0. What is the remainder when 116 is divided by w?
11
Let v = -4354 - -5400. Calculate the remainder when v is divided by 32.
22
Let a = -14 - -13. Let p = 877 + -853. Calculate the remainder when (-4)/2 + 120 + a is divided by p.
21
Let g(a) = -145*a - 3031. What is the remainder when 251 is divided by g(-22)?
92
Suppose -5*y = -4*x + 168 - 1636, x + 1181 = 4*y. Let o be (12/(-8))/(6/y) + -3. Let w = 9 - o. Calculate the remainder when w is divided by 22.
20
Suppose -4 = 2*x + 2*p, -4 = x - 4*p + 8. Let w(z) = z**3 + 4*z**2 - 6*z + 3. Calculate the remainder when 77 is divided by w(x).
23
Let i(m) = m**2 + m + 6. Let k be (-1 + 7)/(-2) - (-55 + 55). Calculate the remainder when (-14)/(-42) + (-101)/(-3) is divided by i(k).
10
Let y = -1833 + 2134. What is the remainder when 909 is divided by y?
6
Let k(a) = a**3 + 11*a**2 - 13*a + 7. Let j be k(-12). Suppose -4*t = 4*s - j - 89, -3*t + 4*s + 116 = 0. What is the remainder when 158 is divided by t?
30
Let g(z) = -z + 8. Let s be g(-7). Suppose -s = -11*j + 183. Calculate the remainder when j is divided by 8.
2
Calculate the remainder when ((-372)/(-24)*4/(-6))/(4/(-132)) is divided by 4.
1
Suppose -416*g + 565 = -411*g. Calculate the remainder when g is divided by 44.
25
Suppose 11*n = 6*n - 4*s + 735, 3*s - 1911 = -13*n. What is the remainder when 410 is divided by n?
116
Suppose 0 = 12*v + 1060 + 9116. Let l = v + 918. What is the remainder when l is divided by 9?
7
Let k(m) = -2*m**2 + 51*m - 82. Calculate the remainder when 222 is divided by k(23).
24
Let b(y) = 4*y + 34. Let l be b(-9). Let s = l - -7. Calculate the remainder when 51 is divided by 4/3*(14 - s).
3
Suppose 1937 = -7*l + 156*l. Calculate the remainder when 2170 is divided by l.
12
Suppose 0 = -5*x - m + 2714, -4*m - 1088 = -2*x - 5*m. What is the remainder when x is divided by 182?
178
Let p be -6*((-18)/(-45) - (-3)/5). Calculate the remainder when (-44)/p*(-357)/(-34) is divided by 21.
14
Calculate the remainder when 7/(-14)*29/((-377)/28574) is divided by 184.
179
Suppose -5*c + 2*i + 324 - 89 = 0, -c + 4*i = -47. Let m = 17 - -4. Let f = m - 3. Calculate the remainder when c is divided by f.
11
Let t(a) = 8*a**2 - 160*a + 1681. What is the remainder when t(14) is divided by 63?
1
Let j = 40 + -17. Suppose 2*z + j = p, 6 + 33 = p + 2*z. Calculate the remainder when 59 is divided by p.
28
Suppose r = -4*o + 3*r + 10, -r + 3 = 2*o. Suppose -k - o = 5*a - 81, -5*a = -10. Let w = -1 - -15. Calculate the remainder when k is divided by w.
13
Suppose -32 = -2*l + 2*y - 7*y, 0 = l - 2*y - 7. Suppose -1540 = -9*a - 11*a. What is the remainder when 2799/33 - (-1)/(a/14) is divided by l?
8
Let r = 328 - 147. Suppose -2*a + 90 = -n, 5*n - 99 = -2*a + 3. Calculate the remainder when r is divided by a.
43
Let b(k) = 28*k**2 + 8 - 9*k**2 + 40 - k**3 + 9*k**2. Calculate the remainder when 238 is divided by b(28).
46
Let z(i) = i**2 + i - 1. Let n be z(-3). Suppose -3*q - q - 4*b = -532, 278 = 2*q + n*b. What is the remainder when q is divided by 12?
9
Let a = -76 + 125. Suppose 0 = -21019*i + 21039*i - 240. Calculate the remainder when a is divided by i.
1
Let o(k) = -k**3 - 2*k**2 - 4*k - 3. Let b be o(-2). Suppose -3*x + 2*x + 40 = -4*r, 0 = 3*x - b*r - 106. What is the remainder when 50 is divided by x?
18
Let l = 50 - 35. Let c(a) = 2*a - 32. Let y be c(8). What is the remainder when (-26)/(1/3*12/y)